9
What are the prime factors of 5912?
2, 739
List the prime factors of 15890.
2, 5, 7, 227
List the prime factors of 544.
2, 17
What are the prime factors of 50773?
50773
List the prime factors of 1530.
2, 3, 5, 17
What are the prime factors of 5989?
53, 113
What are the prime factors of 884?
2, 13, 17
List the prime factors of 93638.
2, 46819
What are the prime factors of 8552?
2, 1069
List the prime factors of 15108.
2, 3, 1259
List the prime factors of 710.
2, 5, 71
What are the prime factors of 8638?
2, 7, 617
What are the prime factors of 407?
11, 37
List the prime factors of 5980.
2, 5, 13, 23
List the prime factors of 161981.
43, 3767
List the prime factors of 9580.
2, 5, 479
List the prime factors of 5573.
5573
List the prime factors of 7187.
7187
What are the prime factors of 972?
2, 3
List the prime factors of 150.
2, 3, 5
What are the prime factors of 7011?
3, 19, 41
List the prime factors of 26261.
26261
What are the prime factors of 6071?
13, 467
List the prime factors of 901.
17, 53
What are the prime factors of 24926?
2, 11, 103
What are the prime factors of 590?
2, 5, 59
What are the prime factors of 33145?
5, 7, 947
What are the prime factors of 6237?
3, 7, 11
List the prime factors of 1585.
5, 317
List the prime factors of 11226.
2, 3, 1871
List the prime factors of 1425.
3, 5, 19
What are the prime factors of 21247?
21247
What are the prime factors of 10212?
2, 3, 23, 37
What are the prime factors of 2690?
2, 5, 269
List the prime factors of 186208.
2, 11, 23
List the prime factors of 8539.
8539
What are the prime factors of 941?
941
List the prime factors of 462.
2, 3, 7, 11
What are the prime factors of 1504?
2, 47
What are the prime factors of 4896?
2, 3, 17
What are the prime factors of 61129?
61129
List the prime factors of 3145.
5, 17, 37
What are the prime factors of 40709?
40709
What are the prime factors of 2832?
2, 3, 59
What are the prime factors of 47197?
109, 433
What are the prime factors of 27?
3
List the prime factors of 7509.
3, 2503
What are the prime factors of 3187?
3187
List the prime factors of 873.
3, 97
List the prime factors of 24482.
2, 12241
List the prime factors of 81871.
19, 31, 139
List the prime factors of 210.
2, 3, 5, 7
What are the prime factors of 47840?
2, 5, 13, 23
List the prime factors of 605.
5, 11
What are the prime factors of 194?
2, 97
List the prime factors of 40730.
2, 5, 4073
What are the prime factors of 12232?
2, 11, 139
What are the prime factors of 30503?
11, 47, 59
List the prime factors of 13795.
5, 31, 89
What are the prime factors of 1169?
7, 167
What are the prime factors of 10550?
2, 5, 211
List the prime factors of 824.
2, 103
What are the prime factors of 928?
2, 29
What are the prime factors of 812?
2, 7, 29
List the prime factors of 17763.
3, 31, 191
List the prime factors of 1751.
17, 103
List the prime factors of 32340.
2, 3, 5, 7, 11
List the prime factors of 3700.
2, 5, 37
What are the prime factors of 8262?
2, 3, 17
List the prime factors of 27737.
27737
List the prime factors of 9429.
3, 7, 449
What are the prime factors of 445?
5, 89
List the prime factors of 7734.
2, 3, 1289
List the prime factors of 9471.
3, 7, 11, 41
List the prime factors of 16096.
2, 503
List the prime factors of 406.
2, 7, 29
List the prime factors of 873.
3, 97
List the prime factors of 41749.
83, 503
List the prime factors of 1196.
2, 13, 23
What are the prime factors of 47253?
3, 19, 829
List the prime factors of 2251.
2251
List the prime factors of 14660.
2, 5, 733
List the prime factors of 1392.
2, 3, 29
What are the prime factors of 20160?
2, 3, 5, 7
What are the prime factors of 11964?
2, 3, 997
What are the prime factors of 6312?
2, 3, 263
What are the prime factors of 119706?
2, 3, 71, 281
List the prime factors of 51208.
2, 37, 173
What are the prime factors of 26237?
26237
What are the prime factors of 44?
2, 11
What are the prime factors of 30?
2, 3, 5
List the prime factors of 762.
2, 3, 127
What are the prime factors of 6493?
43, 151
List the prime factors of 1732.
2, 433
List the prime factors of 5359.
23, 233
List the prime factors of 4355.
5, 13, 67
List the prime factors of 3389.
3389
List the prime factors of 14379.
3, 4793
List the prime factors of 402.
2, 3, 67
List the prime factors of 5553.
3, 617
What are the prime factors of 6872?
2, 859
List the prime factors of 5060.
2, 5, 11, 23
List the prime factors of 1316.
2, 7, 47
What are the prime factors of 2659?
2659
List the prime factors of 1497.
3, 499
List the prime factors of 124.
2, 31
List the prime factors of 2229.
3, 743
What are the prime factors of 2428?
2, 607
List the prime factors of 40.
2, 5
List the prime factors of 12375.
3, 5, 11
What are the prime factors of 45771?
3, 11, 19, 73
What are the prime factors of 95303?
13, 7331
What are the prime factors of 7877?
7877
What are the prime factors of 52590?
2, 3, 5, 1753
What are the prime factors of 2168?
2, 271
List the prime factors of 22942.
2, 11471
List the prime factors of 9068.
2, 2267
List the prime factors of 5293.
67, 79
List the prime factors of 240.
2, 3, 5
What are the prime factors of 1364?
2, 11, 31
What are the prime factors of 30766?
2, 15383
List the prime factors of 448.
2, 7
What are the prime factors of 35148?
2, 3, 29, 101
What are the prime factors of 3893?
17, 229
What are the prime factors of 37994?
2, 11, 157
What are the prime factors of 702?
2, 3, 13
What are the prime factors of 1774?
2, 887
List the prime factors of 3842.
2, 17, 113
What are the prime factors of 2924?
2, 17, 43
What are the prime factors of 8663?
8663
What are the prime factors of 9307?
41, 227
List the prime factors of 399.
3, 7, 19
What are the prime factors of 1667?
1667
What are the prime factors of 26572?
2, 7, 13, 73
List the prime factors of 1735.
5, 347
What are the prime factors of 9305?
5, 1861
What are the prime factors of 52071?
3, 17, 1021
List the prime factors of 32093.
67, 479
What are the prime factors of 2018?
2, 1009
List the prime factors of 4195.
5, 839
List the prime factors of 2139.
3, 23, 31
What are the prime factors of 787?
787
List the prime factors of 16120.
2, 5, 13, 31
List the prime factors of 6050.
2, 5, 11
List the prime factors of 2295.
3, 5, 17
List the prime factors of 1429.
1429
List the prime factors of 6164.
2, 23, 67
List the prime factors of 117784.
2, 14723
What are the prime factors of 718?
2, 359
List the prime factors of 659.
659
What are the prime factors of 2949?
3, 983
What are the prime factors of 564?
2, 3, 47
What are the prime factors of 772?
2, 193
What are the prime factors of 53821?
107, 503
What are the prime factors of 216?
2, 3
List the prime factors of 70024.
2, 8753
What are the prime factors of 792?
2, 3, 11
List the prime factors of 127497.
3, 42499
What are the prime factors of 2080?
2, 5, 13
List the prime factors of 56553.
3, 7, 2693
What are the prime factors of 102688?
2, 3209
What are the prime factors of 5003?
5003
What are the prime factors of 333?
3, 37
List the prime factors of 21523.
21523
List the prime factors of 1026.
2, 3, 19
List the prime factors of 1771.
7, 11, 23
What are the prime factors of 11615?
5, 23, 101
List the prime factors of 508.
2, 127
What are the prime factors of 907?
907
What are the prime factors of 429?
3, 11, 13
List the prime factors of 11350.
2, 5, 227
List the prime factors of 898.
2, 449
What are the prime factors of 111?
3, 37
List the prime factors of 351.
3, 13
What are the prime factors of 743?
743
List the prime factors of 5055.
3, 5, 337
List the prime factors of 3439.
19, 181
List the prime factors of 1562.
2, 11, 71
What are the prime factors of 8227?
19, 433
List the prime factors of 3935.
5, 787
List the prime factors of 13796.
2, 3449
List the prime factors of 1269.
3, 47
List the prime factors of 88433.
191, 463
List the prime factors of 15352.
2, 19, 101
What are the prime factors of 198284?
2, 19, 2609
List the prime factors of 5786.
2, 11, 263
List the prime factors of 459.
3, 17
List the prime factors of 7228.
2, 13, 139
List the prime factors of 7244.
2, 1811
What are the prime factors of 11292?
2, 3, 941
List the prime factors of 24905.
5, 17, 293
What are the prime factors of 1958?
2, 11, 89
What are the prime factors of 3234?
2, 3,